and 1344.
448
What is the greatest common divisor of 10935 and 1845?
45
Calculate the highest common divisor of 2198 and 220.
2
What is the greatest common factor of 156 and 246996?
12
What is the highest common factor of 157294 and 186?
62
What is the highest common factor of 10917 and 821201?
1213
What is the greatest common factor of 14528 and 224276?
908
Calculate the highest common divisor of 135255 and 127.
127
What is the highest common factor of 98385 and 14?
7
Calculate the highest common divisor of 425881 and 131.
131
What is the greatest common factor of 2216 and 206919?
277
Calculate the highest common divisor of 69854 and 848.
106
Calculate the greatest common factor of 65 and 12649.
13
Calculate the highest common factor of 2339293 and 242.
121
Calculate the greatest common factor of 1896 and 90492.
12
Calculate the greatest common divisor of 186 and 7327284.
186
What is the highest common divisor of 74 and 151441?
37
What is the greatest common divisor of 16253 and 7?
1
What is the greatest common divisor of 211 and 567379?
211
What is the greatest common divisor of 330 and 21835?
55
What is the highest common factor of 9 and 281223?
9
What is the greatest common divisor of 349800 and 600?
600
What is the greatest common factor of 1904 and 1008?
112
What is the highest common factor of 10396 and 184?
92
What is the highest common divisor of 47124 and 187?
187
What is the highest common factor of 7473 and 40608?
141
Calculate the highest common factor of 36040 and 3400.
680
What is the greatest common factor of 66508 and 24301?
1279
What is the highest common divisor of 213 and 1300152?
213
Calculate the greatest common factor of 1672 and 7656.
88
What is the greatest common divisor of 29545 and 4370?
95
What is the greatest common factor of 900 and 97600?
100
Calculate the greatest common factor of 216 and 266895.
27
Calculate the highest common factor of 4564 and 74654.
326
What is the greatest common factor of 1498 and 709303?
749
What is the greatest common divisor of 3111413 and 201?
67
What is the greatest common divisor of 1545 and 33063?
309
Calculate the greatest common factor of 53664 and 640.
32
Calculate the highest common factor of 24408 and 2898.
18
What is the greatest common divisor of 708348 and 12?
12
Calculate the greatest common divisor of 724960 and 460.
460
Calculate the highest common factor of 49 and 767389.
49
Calculate the greatest common factor of 2721498 and 1702.
1702
What is the greatest common factor of 2593035 and 270?
45
Calculate the highest common factor of 5369 and 5824.
91
Calculate the greatest common factor of 25512 and 48.
24
What is the greatest common divisor of 25340 and 385?
35
What is the highest common factor of 528 and 624?
48
What is the greatest common divisor of 2532 and 106977?
633
What is the highest common divisor of 5368 and 792?
88
Calculate the greatest common factor of 15510 and 1320.
330
Calculate the greatest common factor of 30406 and 6.
2
What is the greatest common divisor of 693 and 65709?
63
Calculate the highest common divisor of 169026 and 57486.
858
What is the highest common divisor of 26376 and 147?
21
What is the highest common divisor of 2143664 and 128?
16
Calculate the highest common divisor of 181089 and 228.
57
Calculate the greatest common divisor of 4002 and 318.
6
Calculate the greatest common divisor of 365 and 9335.
5
Calculate the greatest common divisor of 28849 and 51.
17
Calculate the highest common divisor of 224133 and 84.
21
What is the highest common factor of 98 and 17934?
98
Calculate the greatest common factor of 83936 and 3416.
488
What is the greatest common factor of 6913842 and 1644?
822
Calculate the highest common divisor of 24256 and 1552.
16
Calculate the highest common divisor of 445 and 190.
5
Calculate the greatest common divisor of 32598 and 18.
18
Calculate the highest common divisor of 388 and 48500.
388
What is the highest common divisor of 466 and 4408826?
466
What is the greatest common divisor of 1534 and 8450?
26
Calculate the highest common divisor of 110 and 110605.
55
Calculate the highest common divisor of 45408 and 25800.
1032
What is the highest common divisor of 1449 and 134337?
21
Calculate the greatest common factor of 680 and 166090.
170
Calculate the highest common divisor of 146046 and 101.
101
What is the greatest common factor of 16086 and 96?
6
Calculate the highest common divisor of 6766 and 43792.
34
What is the highest common divisor of 22272 and 10464?
96
What is the greatest common divisor of 3771080 and 920?
920
Calculate the greatest common divisor of 301199 and 106.
53
What is the highest common divisor of 76 and 3743?
19
Calculate the highest common factor of 9125 and 1875.
125
What is the greatest common divisor of 447 and 29353?
149
Calculate the greatest common divisor of 1641 and 993352.
547
Calculate the highest common divisor of 2011288 and 923.
71
What is the greatest common factor of 832 and 30264?
104
Calculate the highest common factor of 45 and 581715.
45
Calculate the highest common divisor of 64 and 178496.
64
What is the greatest common divisor of 19262867 and 13?
13
What is the highest common divisor of 2785 and 32863?
557
What is the greatest common factor of 1006353 and 18?
9
Calculate the greatest common factor of 116 and 6641.
29
Calculate the greatest common factor of 1208 and 5672.
8
What is the greatest common divisor of 15368 and 11187?
113
Calculate the highest common divisor of 66 and 6055786.
22
Calculate the highest common factor of 1155 and 69735.
15
Calculate the greatest common factor of 8030085 and 4340.
1085
What is the greatest common divisor of 308 and 560472?
44
Calculate the greatest common factor of 517 and 25192.
47
Calculate the greatest common divisor of 8 and 203848.
8
What is the highest common factor of 9176 and 2072?
296
What is the greatest common divisor of 546 and 13962?
78
What is the highest common divisor of 8976 and 8432?
272
What is the highest common factor of 210 and 658875?
105
What is the highest common divisor of 618726 and 606?
606
Calculate the greatest common factor of 109 and 16717.
1
What is the greatest common factor of 344163 and 534?
267
Calculate the greatest common factor of 2666 and 7181.
43
Calculate the greatest common factor of 200 and 754100.
100
What is the highest common factor of 6282972 and 27?
9
Calculate the highest common divisor of 710 and 2935.
5
Calculate the greatest common factor of 1 and 40009.
1
What is the highest common divisor of 111286 and 1582?
14
Calculate the greatest common factor of 11060 and 252.
28
What is the greatest common factor of 116885 and 2231?
97
What is the highest common factor of 266 and 14938?
14
Calculate the greatest common divisor of 130 and 13080.
10
What is the greatest common divisor of 2413 and 8128?
127
What is the highest common factor of 675 and 4225?
25
What is the highest common divisor of 36221 and 725?
29
Calculate the highest common factor of 45 and 33345.
45
What is the greatest common divisor of 56 and 474632?
8
What is the greatest common factor of 32469 and 67071?
237
What is the greatest common factor of 18876 and 444?
12
Calculate the greatest common factor of 342 and 66168.
18
Calculate the highest common factor of 419283 and 7155.
1431
What is the greatest common factor of 271947 and 6669?
741
What is the highest common divisor of 3264 and 13107?
51
What is the highest common factor of 47201 and 462?
77
Calculate the greatest common factor of 510 and 443530.
170
What is the greatest common factor of 65238 and 15720?
786
What is the greatest common divisor of 1690784 and 32?
32
What is the greatest common factor of 1 and 1391119?
1
What is the highest common factor of 697 and 41?
41
What is the highest common factor of 3439 and 6004?
19
Calculate the highest common divisor of 9112 and 40200.
536
Calculate the greatest common divisor of 25674 and 19932.
66
Calculate the greatest common divisor of 1347 and 58819.
449
Calculate the greatest common factor of 15 and 17715.
15
Calculate the greatest common divisor of 24182 and 2889.
107
Calculate the greatest common factor of 804 and 123548.
268
Calculate the highest common factor of 83255 and 5.
5
What is the greatest 